{"id":64,"date":"2019-05-23T09:58:30","date_gmt":"2019-05-23T09:58:30","guid":{"rendered":"https:\/\/amicidelcavallero-odv.it\/?page_id=64"},"modified":"2019-07-02T06:13:30","modified_gmt":"2019-07-02T06:13:30","slug":"il-cavallero","status":"publish","type":"page","link":"https:\/\/amicidelcavallero-odv.it\/?page_id=64","title":{"rendered":"Il Luogo"},"content":{"rendered":"<p><span style=\"font-family: verdana, geneva, sans-serif; font-size: 20px;\">Il versante nord-orientale del territorio montano Biellese, confinante con la Valsesia, costituisce quella fascia geomorfologica nota come pendice dell\u2019imponente massiccio del Monte Rosa. Vicinanze di confine con la Valle d\u2019Aosta e con la Svizzera hanno fatto s\u00ec che, storicamente, i nostri avi, le \u201cgenti del Rosa\u201d, prevalentemente dediti alla micro-agricoltura d\u2019altura (piantagioni di patate e orti in genere) e all\u2019allevamento (ovini, bovini e caprini) ricevessero visite, specie durante le transumanze estive nei pascoli degli alti alpeggi, di solerti predicatori protestanti. Costoro, di stampo sia luterano che calvinista, provenienti dalla Svizzera, entravano in confidenza con chiunque desse loro corda pur di fare proseliti. Ecco spiegata la ragione per cui il territorio della nostra Valsessera \u00e8 trapuntato di Santuari per la maggior parte Mariani. Riproporre al popolo di Dio, con la costruzione di pile votive, Cappelle, Oratori, Chiese, la figura di Maria soprattutto, ma anche dei Santi e Sante pi\u00f9 amati e venerati, insieme alle catechesi Bibliche e Mistagogiche mirabilmente scolpite e illustrate nelle architetture dei Sacri Monti (Varallo, Oropa, Graglia&#8230;), fu la priorit\u00e0 che il Magistero della Chiesa di allora assunse e realizz\u00f2 per preservare i cattolici da eresie e abiure.<\/span><\/p>\n<p><span style=\"font-family: verdana, geneva, sans-serif; font-size: 20px;\">Il Santuario della Madonna della Neve (S. Maria \u201cad Nives\u201d) \u00e8 perla preziosa, incastonata nella magnifica corona di questi luoghi della fede. Situato, come \u00e8 noto, in fondo alla Valsessera, nel territorio del Comune di Coggiola, nel punto esatto in cui il Rio Cavallero si getta nel Sessera, \u00e8 detto \u201cdel Cavallero\u201d perch\u00e9 da quelle parti, in epoca medievale transitavano le mandrie di cavalli dei Principi di Masserano, per raggiungere gli alpeggi estivi.<\/span><\/p>\n<p><span style=\"font-family: 'andale mono', monospace; font-size: 20px;\"><span style=\"font-family: verdana, geneva, sans-serif;\"> Richiamandosi, per l\u2019intitolazione \u201cMadonna della neve\u201d, alla Basilica di Santa Maria Maggiore in Roma e alla relativa leggenda, il Santuario rappresenta, per le popolazioni del nostro territorio un <em>\u201cluogo mistico e di preghiera\u201d, <\/em>dove certamente, per chi ha fede, Maria Madre di Dio e Madre nostra, ha voluto rendersi presente per accogliere i suoi amati figli. Significativa a questo proposito, la realizzazione di un piccolo \u201cSacro Monte\u201d, che culmina, all\u2019interno del perimetro del Santuario stesso, nelle cinque Cappelle che riproducono artisticamente con statue policrome,i cinque Misteri Gaudiosi del Santo Rosario: l\u2019Annunciazione, la Visitazione, la Nativit\u00e0 di Ges\u00f9, la Presentazione al Tempio, il Ritrovamento di Ges\u00f9 a colloquio con i dottori della Legge.<\/span><\/span><\/p>\n<p><span style=\"font-family: verdana, geneva, sans-serif; font-size: 20px;\"> Dai primi anni di esistenza del Santuario (sec XVII) fino alla seconda met\u00e0 del sec. XIX, alla custodia del complesso e dei terreni annessi si sono sempre dedicati alcuni Eremiti.<\/span><\/p>\n<p><span style=\"font-family: verdana, geneva, sans-serif; font-size: 20px;\">Don Carlo<\/span><\/p>\n","protected":false},"excerpt":{"rendered":"<p>Il versante nord-orientale del territorio montano Biellese, confinante con la Valsesia, costituisce quella fascia geomorfologica nota come pendice dell\u2019imponente massiccio del Monte Rosa. Vicinanze di confine con la Valle d\u2019Aosta e con la Svizzera hanno fatto s\u00ec che,&#8230; <a class=\"read-more\" href=\"https:\/\/amicidelcavallero-odv.it\/?page_id=64\">Read More<\/a><\/p>\n","protected":false},"author":1,"featured_media":0,"parent":0,"menu_order":0,"comment_status":"closed","ping_status":"closed","template":"","meta":{"footnotes":""},"class_list":["post-64","page","type-page","status-publish","hentry","no-comments"],"yoast_head":"<!-- This site is optimized with the Yoast SEO plugin v27.5 - https:\/\/yoast.com\/product\/yoast-seo-wordpress\/ -->\n<title>Il Luogo - Amici del Cavallero - ODV<\/title>\n<meta name=\"robots\" content=\"index, follow, max-snippet:-1, max-image-preview:large, max-video-preview:-1\" \/>\n<link rel=\"canonical\" href=\"https:\/\/amicidelcavallero-odv.it\/?page_id=64\" \/>\n<meta property=\"og:locale\" content=\"it_IT\" \/>\n<meta property=\"og:type\" content=\"article\" \/>\n<meta property=\"og:title\" content=\"Il Luogo - Amici del Cavallero - ODV\" \/>\n<meta property=\"og:description\" content=\"Il versante nord-orientale del territorio montano Biellese, confinante con la Valsesia, costituisce quella fascia geomorfologica nota come pendice dell\u2019imponente massiccio del Monte Rosa. Vicinanze di confine con la Valle d\u2019Aosta e con la Svizzera hanno fatto s\u00ec che,... Read More\" \/>\n<meta property=\"og:url\" content=\"https:\/\/amicidelcavallero-odv.it\/?page_id=64\" \/>\n<meta property=\"og:site_name\" content=\"Amici del Cavallero - ODV\" \/>\n<meta property=\"article:modified_time\" content=\"2019-07-02T06:13:30+00:00\" \/>\n<meta name=\"twitter:card\" content=\"summary_large_image\" \/>\n<meta name=\"twitter:label1\" content=\"Tempo di lettura stimato\" \/>\n\t<meta name=\"twitter:data1\" content=\"2 minuti\" \/>\n<script type=\"application\/ld+json\" class=\"yoast-schema-graph\">{\"@context\":\"https:\\\/\\\/schema.org\",\"@graph\":[{\"@type\":\"WebPage\",\"@id\":\"https:\\\/\\\/amicidelcavallero-odv.it\\\/?page_id=64\",\"url\":\"https:\\\/\\\/amicidelcavallero-odv.it\\\/?page_id=64\",\"name\":\"Il Luogo - Amici del Cavallero - ODV\",\"isPartOf\":{\"@id\":\"https:\\\/\\\/amicidelcavallero-odv.it\\\/#website\"},\"datePublished\":\"2019-05-23T09:58:30+00:00\",\"dateModified\":\"2019-07-02T06:13:30+00:00\",\"breadcrumb\":{\"@id\":\"https:\\\/\\\/amicidelcavallero-odv.it\\\/?page_id=64#breadcrumb\"},\"inLanguage\":\"it-IT\",\"potentialAction\":[{\"@type\":\"ReadAction\",\"target\":[\"https:\\\/\\\/amicidelcavallero-odv.it\\\/?page_id=64\"]}]},{\"@type\":\"BreadcrumbList\",\"@id\":\"https:\\\/\\\/amicidelcavallero-odv.it\\\/?page_id=64#breadcrumb\",\"itemListElement\":[{\"@type\":\"ListItem\",\"position\":1,\"name\":\"Home\",\"item\":\"https:\\\/\\\/amicidelcavallero-odv.it\\\/\"},{\"@type\":\"ListItem\",\"position\":2,\"name\":\"Il Luogo\"}]},{\"@type\":\"WebSite\",\"@id\":\"https:\\\/\\\/amicidelcavallero-odv.it\\\/#website\",\"url\":\"https:\\\/\\\/amicidelcavallero-odv.it\\\/\",\"name\":\"Amici del Cavallero - ODV\",\"description\":\"Il Luogo che ci sta a cuore\",\"potentialAction\":[{\"@type\":\"SearchAction\",\"target\":{\"@type\":\"EntryPoint\",\"urlTemplate\":\"https:\\\/\\\/amicidelcavallero-odv.it\\\/?s={search_term_string}\"},\"query-input\":{\"@type\":\"PropertyValueSpecification\",\"valueRequired\":true,\"valueName\":\"search_term_string\"}}],\"inLanguage\":\"it-IT\"}]}<\/script>\n<!-- \/ Yoast SEO plugin. -->","yoast_head_json":{"title":"Il Luogo - Amici del Cavallero - ODV","robots":{"index":"index","follow":"follow","max-snippet":"max-snippet:-1","max-image-preview":"max-image-preview:large","max-video-preview":"max-video-preview:-1"},"canonical":"https:\/\/amicidelcavallero-odv.it\/?page_id=64","og_locale":"it_IT","og_type":"article","og_title":"Il Luogo - Amici del Cavallero - ODV","og_description":"Il versante nord-orientale del territorio montano Biellese, confinante con la Valsesia, costituisce quella fascia geomorfologica nota come pendice dell\u2019imponente massiccio del Monte Rosa. Vicinanze di confine con la Valle d\u2019Aosta e con la Svizzera hanno fatto s\u00ec che,... Read More","og_url":"https:\/\/amicidelcavallero-odv.it\/?page_id=64","og_site_name":"Amici del Cavallero - ODV","article_modified_time":"2019-07-02T06:13:30+00:00","twitter_card":"summary_large_image","twitter_misc":{"Tempo di lettura stimato":"2 minuti"},"schema":{"@context":"https:\/\/schema.org","@graph":[{"@type":"WebPage","@id":"https:\/\/amicidelcavallero-odv.it\/?page_id=64","url":"https:\/\/amicidelcavallero-odv.it\/?page_id=64","name":"Il Luogo - Amici del Cavallero - ODV","isPartOf":{"@id":"https:\/\/amicidelcavallero-odv.it\/#website"},"datePublished":"2019-05-23T09:58:30+00:00","dateModified":"2019-07-02T06:13:30+00:00","breadcrumb":{"@id":"https:\/\/amicidelcavallero-odv.it\/?page_id=64#breadcrumb"},"inLanguage":"it-IT","potentialAction":[{"@type":"ReadAction","target":["https:\/\/amicidelcavallero-odv.it\/?page_id=64"]}]},{"@type":"BreadcrumbList","@id":"https:\/\/amicidelcavallero-odv.it\/?page_id=64#breadcrumb","itemListElement":[{"@type":"ListItem","position":1,"name":"Home","item":"https:\/\/amicidelcavallero-odv.it\/"},{"@type":"ListItem","position":2,"name":"Il Luogo"}]},{"@type":"WebSite","@id":"https:\/\/amicidelcavallero-odv.it\/#website","url":"https:\/\/amicidelcavallero-odv.it\/","name":"Amici del Cavallero - ODV","description":"Il Luogo che ci sta a cuore","potentialAction":[{"@type":"SearchAction","target":{"@type":"EntryPoint","urlTemplate":"https:\/\/amicidelcavallero-odv.it\/?s={search_term_string}"},"query-input":{"@type":"PropertyValueSpecification","valueRequired":true,"valueName":"search_term_string"}}],"inLanguage":"it-IT"}]}},"jetpack_sharing_enabled":true,"_links":{"self":[{"href":"https:\/\/amicidelcavallero-odv.it\/index.php?rest_route=\/wp\/v2\/pages\/64","targetHints":{"allow":["GET"]}}],"collection":[{"href":"https:\/\/amicidelcavallero-odv.it\/index.php?rest_route=\/wp\/v2\/pages"}],"about":[{"href":"https:\/\/amicidelcavallero-odv.it\/index.php?rest_route=\/wp\/v2\/types\/page"}],"author":[{"embeddable":true,"href":"https:\/\/amicidelcavallero-odv.it\/index.php?rest_route=\/wp\/v2\/users\/1"}],"replies":[{"embeddable":true,"href":"https:\/\/amicidelcavallero-odv.it\/index.php?rest_route=%2Fwp%2Fv2%2Fcomments&post=64"}],"version-history":[{"count":5,"href":"https:\/\/amicidelcavallero-odv.it\/index.php?rest_route=\/wp\/v2\/pages\/64\/revisions"}],"predecessor-version":[{"id":274,"href":"https:\/\/amicidelcavallero-odv.it\/index.php?rest_route=\/wp\/v2\/pages\/64\/revisions\/274"}],"wp:attachment":[{"href":"https:\/\/amicidelcavallero-odv.it\/index.php?rest_route=%2Fwp%2Fv2%2Fmedia&parent=64"}],"curies":[{"name":"wp","href":"https:\/\/api.w.org\/{rel}","templated":true}]}}

<p><span style="font-family: verdana, geneva, sans-serif; font-size: 20px;">Il versante nord-orientale del territorio montano Biellese, confinante con la Valsesia, costituisce quella fascia geomorfologica nota come pendice dell’imponente massiccio del Monte Rosa. Vicinanze di confine con la Valle d’Aosta e con la Svizzera hanno fatto sì che, storicamente, i nostri avi, le “genti del Rosa”, prevalentemente dediti alla micro-agricoltura d’altura (piantagioni di patate e orti in genere) e all’allevamento (ovini, bovini e caprini) ricevessero visite, specie durante le transumanze estive nei pascoli degli alti alpeggi, di solerti predicatori protestanti. Costoro, di stampo sia luterano che calvinista, provenienti dalla Svizzera, entravano in confidenza con chiunque desse loro corda pur di fare proseliti. Ecco spiegata la ragione per cui il territorio della nostra Valsessera è trapuntato di Santuari per la maggior parte Mariani. Riproporre al popolo di Dio, con la costruzione di pile votive, Cappelle, Oratori, Chiese, la figura di Maria soprattutto, ma anche dei Santi e Sante più amati e venerati, insieme alle catechesi Bibliche e Mistagogiche mirabilmente scolpite e illustrate nelle architetture dei Sacri Monti (Varallo, Oropa, Graglia&#8230;), fu la priorità che il Magistero della Chiesa di allora assunse e realizzò per preservare i cattolici da eresie e abiure.</span></p>
<p><span style="font-family: verdana, geneva, sans-serif; font-size: 20px;">Il Santuario della Madonna della Neve (S. Maria “ad Nives”) è perla preziosa, incastonata nella magnifica corona di questi luoghi della fede. Situato, come è noto, in fondo alla Valsessera, nel territorio del Comune di Coggiola, nel punto esatto in cui il Rio Cavallero si getta nel Sessera, è detto “del Cavallero” perché da quelle parti, in epoca medievale transitavano le mandrie di cavalli dei Principi di Masserano, per raggiungere gli alpeggi estivi.</span></p>
<p><span style="font-family: 'andale mono', monospace; font-size: 20px;"><span style="font-family: verdana, geneva, sans-serif;"> Richiamandosi, per l’intitolazione “Madonna della neve”, alla Basilica di Santa Maria Maggiore in Roma e alla relativa leggenda, il Santuario rappresenta, per le popolazioni del nostro territorio un <em>“luogo mistico e di preghiera”, </em>dove certamente, per chi ha fede, Maria Madre di Dio e Madre nostra, ha voluto rendersi presente per accogliere i suoi amati figli. Significativa a questo proposito, la realizzazione di un piccolo “Sacro Monte”, che culmina, all’interno del perimetro del Santuario stesso, nelle cinque Cappelle che riproducono artisticamente con statue policrome,i cinque Misteri Gaudiosi del Santo Rosario: l’Annunciazione, la Visitazione, la Natività di Gesù, la Presentazione al Tempio, il Ritrovamento di Gesù a colloquio con i dottori della Legge.</span></span></p>
<p><span style="font-family: verdana, geneva, sans-serif; font-size: 20px;"> Dai primi anni di esistenza del Santuario (sec XVII) fino alla seconda metà del sec. XIX, alla custodia del complesso e dei terreni annessi si sono sempre dedicati alcuni Eremiti.</span></p>
<p><span style="font-family: verdana, geneva, sans-serif; font-size: 20px;">Don Carlo</span></p>

<p>Il versante nord-orientale del territorio montano Biellese, confinante con la Valsesia, costituisce quella fascia geomorfologica nota come pendice dell’imponente massiccio del Monte Rosa. Vicinanze di confine con la Valle d’Aosta e con la Svizzera hanno fatto sì che,&#8230; <a class="read-more" href="https://amicidelcavallero-odv.it/?page_id=64">Read More</a></p>

<!-- This site is optimized with the Yoast SEO plugin v27.5 - https://yoast.com/product/yoast-seo-wordpress/ -->
<title>Il Luogo - Amici del Cavallero - ODV</title>
<meta name="robots" content="index, follow, max-snippet:-1, max-image-preview:large, max-video-preview:-1" />
<link rel="canonical" href="https://amicidelcavallero-odv.it/?page_id=64" />
<meta property="og:locale" content="it_IT" />
<meta property="og:type" content="article" />
<meta property="og:title" content="Il Luogo - Amici del Cavallero - ODV" />
<meta property="og:description" content="Il versante nord-orientale del territorio montano Biellese, confinante con la Valsesia, costituisce quella fascia geomorfologica nota come pendice dell’imponente massiccio del Monte Rosa. Vicinanze di confine con la Valle d’Aosta e con la Svizzera hanno fatto sì che,... Read More" />
<meta property="og:url" content="https://amicidelcavallero-odv.it/?page_id=64" />
<meta property="og:site_name" content="Amici del Cavallero - ODV" />
<meta property="article:modified_time" content="2019-07-02T06:13:30+00:00" />
<meta name="twitter:card" content="summary_large_image" />
<meta name="twitter:label1" content="Tempo di lettura stimato" />
	<meta name="twitter:data1" content="2 minuti" />
<script type="application/ld+json" class="yoast-schema-graph">{"@context":"https:\/\/schema.org","@graph":[{"@type":"WebPage","@id":"https:\/\/amicidelcavallero-odv.it\/?page_id=64","url":"https:\/\/amicidelcavallero-odv.it\/?page_id=64","name":"Il Luogo - Amici del Cavallero - ODV","isPartOf":{"@id":"https:\/\/amicidelcavallero-odv.it\/#website"},"datePublished":"2019-05-23T09:58:30+00:00","dateModified":"2019-07-02T06:13:30+00:00","breadcrumb":{"@id":"https:\/\/amicidelcavallero-odv.it\/?page_id=64#breadcrumb"},"inLanguage":"it-IT","potentialAction":[{"@type":"ReadAction","target":["https:\/\/amicidelcavallero-odv.it\/?page_id=64"]}]},{"@type":"BreadcrumbList","@id":"https:\/\/amicidelcavallero-odv.it\/?page_id=64#breadcrumb","itemListElement":[{"@type":"ListItem","position":1,"name":"Home","item":"https:\/\/amicidelcavallero-odv.it\/"},{"@type":"ListItem","position":2,"name":"Il Luogo"}]},{"@type":"WebSite","@id":"https:\/\/amicidelcavallero-odv.it\/#website","url":"https:\/\/amicidelcavallero-odv.it\/","name":"Amici del Cavallero - ODV","description":"Il Luogo che ci sta a cuore","potentialAction":[{"@type":"SearchAction","target":{"@type":"EntryPoint","urlTemplate":"https:\/\/amicidelcavallero-odv.it\/?s={search_term_string}"},"query-input":{"@type":"PropertyValueSpecification","valueRequired":true,"valueName":"search_term_string"}}],"inLanguage":"it-IT"}]}</script>
<!-- / Yoast SEO plugin. -->

Il versante nord-orientale del territorio montano Biellese, confinante con la Valsesia, costituisce quella fascia geomorfologica nota come pendice dell’imponente massiccio del Monte Rosa. Vicinanze di confine con la Valle d’Aosta e con la Svizzera hanno fatto sì che,... Read More
